factors of 586323751.
13, 23, 71, 389
What are the prime factors of 219253079?
29, 7560451
What are the prime factors of 373974545?
5, 7, 31, 79, 4363
List the prime factors of 19259117.
19259117
List the prime factors of 13686603.
3, 7, 97, 6719
List the prime factors of 2770620595.
5, 23, 541, 44533
What are the prime factors of 1979985?
3, 5, 7, 109, 173
What are the prime factors of 352989689?
13, 27153053
List the prime factors of 21350035.
5, 7, 59, 211
What are the prime factors of 47430595?
5, 17, 558007
List the prime factors of 51786902.
2, 37, 699823
What are the prime factors of 1671543741?
3, 7, 2593, 30697
What are the prime factors of 2533327708?
2, 53, 11949659
List the prime factors of 302139728.
2, 11, 1716703
What are the prime factors of 113129305?
5, 17, 1330933
What are the prime factors of 776999702?
2, 12527, 31013
List the prime factors of 3893975631.
3, 7, 13, 4754549
List the prime factors of 2859784951.
15287, 187073
What are the prime factors of 255045165?
3, 5, 191, 89021
What are the prime factors of 1182817037?
137, 8633701
What are the prime factors of 2468577783?
3, 7, 83, 373, 3797
List the prime factors of 3000203980.
2, 5, 150010199
List the prime factors of 840550595.
5, 19, 465679
List the prime factors of 449066672.
2, 19, 77747
List the prime factors of 273113423.
11, 41, 605573
What are the prime factors of 164786080?
2, 5, 31, 33223
What are the prime factors of 28133499?
3, 991, 9463
List the prime factors of 74807234.
2, 37403617
What are the prime factors of 15170744?
2, 43, 44101
List the prime factors of 322009892.
2, 80502473
List the prime factors of 231032214.
2, 3, 7, 67, 27367
List the prime factors of 4286524670.
2, 5, 17, 25214851
List the prime factors of 141022035.
3, 5, 7, 11, 40699
List the prime factors of 233435785.
5, 11, 1213, 3499
What are the prime factors of 118823164?
2, 29705791
List the prime factors of 252406552.
2, 73, 432203
List the prime factors of 2754370770.
2, 3, 5, 17, 31, 83, 2099
What are the prime factors of 876443482?
2, 67, 6540623
What are the prime factors of 56269428?
2, 3, 157, 29867
List the prime factors of 188673858.
2, 3, 59, 101, 1759
List the prime factors of 59262805.
5, 7, 19, 29, 439
List the prime factors of 4594893.
3, 1531631
List the prime factors of 39710047.
13, 1061, 2879
What are the prime factors of 873699262?
2, 47, 197759
List the prime factors of 1732369829.
6637, 261017
What are the prime factors of 64592665?
5, 43, 300431
What are the prime factors of 197082792?
2, 3, 1613, 1697
What are the prime factors of 59937374?
2, 7, 29, 147629
What are the prime factors of 394936247?
79, 1483, 3371
What are the prime factors of 38879977?
38879977
List the prime factors of 4907360716.
2, 1226840179
What are the prime factors of 1001359286?
2, 61, 79, 107, 971
List the prime factors of 3850221.
3, 97, 101, 131
List the prime factors of 155097869.
155097869
List the prime factors of 344829128.
2, 7, 6157663
What are the prime factors of 862641256?
2, 151, 714107
What are the prime factors of 305943916?
2, 5153, 14843
List the prime factors of 535968102.
2, 3, 89328017
List the prime factors of 583891517.
11, 127, 417961
What are the prime factors of 2464010376?
2, 3, 83, 1236953
What are the prime factors of 47067136?
2, 11491
List the prime factors of 190997387.
7, 27285341
List the prime factors of 1296028.
2, 19, 17053
What are the prime factors of 1805477732?
2, 451369433
What are the prime factors of 78583063?
13, 137, 44123
List the prime factors of 1448882684.
2, 73, 4961927
List the prime factors of 1104621.
3, 7, 23, 2287
What are the prime factors of 951898817?
951898817
List the prime factors of 44471840.
2, 5, 7, 59, 673
List the prime factors of 2300377704.
2, 3, 211, 317, 1433
What are the prime factors of 3307495857?
3, 1102498619
List the prime factors of 115480553.
115480553
What are the prime factors of 1613442?
2, 3, 19, 14153
List the prime factors of 37109926.
2, 7, 19, 139511
List the prime factors of 2680599517.
2680599517
List the prime factors of 17837448.
2, 3, 439, 1693
List the prime factors of 75137115.
3, 5, 19, 29, 9091
What are the prime factors of 167481856?
2, 73, 4481
What are the prime factors of 136464693?
3, 45488231
What are the prime factors of 35888770?
2, 5, 3588877
What are the prime factors of 535272997?
7, 19, 23, 233, 751
List the prime factors of 708309429.
3, 2731, 86453
List the prime factors of 908914086.
2, 3, 7103, 7109
What are the prime factors of 54107686?
2, 27053843
What are the prime factors of 202939482?
2, 3, 83, 407509
List the prime factors of 90227805.
3, 5, 811, 7417
What are the prime factors of 79744787?
257, 310291
List the prime factors of 1485045195.
3, 5, 29, 3413897
What are the prime factors of 17848687?
17848687
List the prime factors of 446345465.
5, 1021, 87433
List the prime factors of 88474338.
2, 3, 4915241
What are the prime factors of 3136106065?
5, 627221213
What are the prime factors of 200864888?
2, 7, 23, 277, 563
What are the prime factors of 524167?
7, 103, 727
List the prime factors of 154706817.
3, 17, 41, 241, 307
List the prime factors of 47458880.
2, 5, 7, 21187
What are the prime factors of 266686037?
47, 1877, 3023
List the prime factors of 32082277.
32082277
What are the prime factors of 404446535?
5, 80889307
List the prime factors of 126957562.
2, 23, 2759947
List the prime factors of 4439707837.
41, 108285557
What are the prime factors of 275404166?
2, 281, 461, 1063
What are the prime factors of 363118552?
2, 45389819
List the prime factors of 4109772057.
3, 53, 487691
List the prime factors of 732396258.
2, 3, 11, 811, 4561
What are the prime factors of 495926817?
3, 173, 193, 4951
What are the prime factors of 607161663?
3, 19, 241, 1637
What are the prime factors of 1541580741?
3, 31, 401, 1531
What are the prime factors of 223130822?
2, 111565411
List the prime factors of 3231679737.
3, 11, 13, 41, 16703
What are the prime factors of 1837589187?
3, 7, 4093, 21379
List the prime factors of 78005224.
2, 11, 811, 1093
List the prime factors of 15056733.
3, 5018911
List the prime factors of 239589055.
5, 167, 263, 1091
What are the prime factors of 1365979541?
1365979541
List the prime factors of 503322780.
2, 3, 5, 313, 26801
List the prime factors of 642755041.
193, 431, 7727
What are the prime factors of 5276529038?
2, 11, 23, 389, 2437
What are the prime factors of 317515638?
2, 3, 11, 4810843
What are the prime factors of 815277519?
3, 7, 223, 58031
What are the prime factors of 84093800?
2, 5, 7, 8581
List the prime factors of 253739499.
3, 13, 6506141
What are the prime factors of 227808047?
227808047
What are the prime factors of 674015499?
3, 653, 12743
List the prime factors of 289943285.
5, 37, 1567261
What are the prime factors of 3216141312?
2, 3, 43, 97, 251
What are the prime factors of 6519141?
3, 37, 19577
What are the prime factors of 1942331683?
61, 79, 403057
List the prime factors of 3942848088.
2, 3, 31, 1766509
List the prime factors of 1220423262.
2, 3, 53, 499, 7691
What are the prime factors of 367734151?
19, 43, 450103
What are the prime factors of 460975269?
3, 23, 2069, 3229
List the prime factors of 271448069.
271448069
List the prime factors of 50263661.
7, 1025789
What are the prime factors of 215240254?
2, 31, 3471617
What are the prime factors of 43080753?
3, 151, 95101
List the prime factors of 14113254.
2, 3, 47, 50047
List the prime factors of 111203872.
2, 13, 267317
List the prime factors of 1324438691.
1324438691
List the prime factors of 66085781.
19, 3478199
What are the prime factors of 63993455?
5, 31, 181, 2281
What are the prime factors of 1675002700?
2, 5, 7, 2392861
List the prime factors of 80377292.
2, 17, 1182019
List the prime factors of 8240364.
2, 3, 11, 20809
What are the prime factors of 469569348?
2, 3, 13043593
List the prime factors of 37063441.
523, 70867
What are the prime factors of 2749739985?
3, 5, 4177, 14629
What are the prime factors of 168038292?
2, 3, 307, 45613
List the prime factors of 13656932.
2, 3414233
What are the prime factors of 2043139226?
2, 13721, 74453
List the prime factors of 304253.
304253
List the prime factors of 17756130.
2, 3, 5, 7, 47, 257
List the prime fac